
Let j be ((-27)/6*-16)/(-1). Let d be (1/1)/((-6)/j). Suppose 5 = g - 1. What is the greatest common factor of g and d?
6
Suppose -2*w + 55 = 13. Let c be 64/(-6)*(-693)/44. Calculate the greatest common factor of w and c.
21
Suppose -5*s + 41 = -9. Let y be (48/s)/(3/40). Let o = y + -28. Calculate the greatest common factor of 9 and o.
9
Let i(x) = 5 + 31*x + 1 - 3. Let p be i(10). Suppose 3*y = 4*h + 183, -5*y + 2*h + p = -2*h. What is the highest common divisor of 13 and y?
13
Suppose 0 = -4*v + 51 - 23. Suppose 12*u - 60 = v*u. What is the highest common divisor of 3 and u?
3
Let q = -108 - -117. What is the highest common divisor of 45 and q?
9
Let q be (-2)/(-3) - 21/(-9). Suppose 5*j - 124 = r, r - 20 = q*j - 4*j. Calculate the highest common divisor of 24 and j.
24
Let j be (4/(-10))/(2/40*-4). Calculate the highest common divisor of 2 and j.
2
Let o = -59 + 29. Let g = o - -39. What is the highest common divisor of 6 and g?
3
Suppose 4*c - 5*b - 773 = 0, 0 = -27*c + 23*c + 3*b + 763. Calculate the highest common divisor of 11 and c.
11
Let c = -13 - -14. Let v be -5*c*9/(-15). What is the highest common divisor of 6 and v?
3
Let u = -57 - -62. Let p(o) = 9*o + 1. Let n be p(0). What is the greatest common divisor of u and n?
1
Suppose -51*u + 8916 = -3018. What is the greatest common divisor of 208 and u?
26
Suppose -2*k + 2*v + 36 = 0, -4*k - v = k - 96. Suppose -6*g - 5*n + 1279 = 0, -22*n + 27*n + 1020 = 5*g. Calculate the highest common divisor of k and g.
19
Let v be ((-190)/4)/(35/(-308)). What is the greatest common factor of v and 22?
22
Suppose n - 4*h - 39 = -0*h, 2*h = 3*n - 87. Suppose n = 3*l + 3*q, -4*q - q = -2*l + 25. Calculate the greatest common divisor of l and 40.
10
Let y be ((4 - 9) + 36)/1 + -4. Suppose 4*x + 45 = -x. Let o be (1 - 1) + 0 - x. Calculate the highest common factor of y and o.
9
Suppose -152 = -6*b + 2*b + 2*w, 5*w = -5*b + 220. Let p(j) = 8*j**2 - 53*j - 28. Let q be p(8). What is the highest common divisor of q and b?
20
Let y(k) = -3*k**2 + 120*k + 70. Let s be y(35). Calculate the highest common divisor of 70 and s.
35
Let a(j) = 32*j + 785. Let x be a(-24). Let v(b) = 188*b**3 - b**2. Let n be v(1). What is the greatest common factor of x and n?
17
Let s = -216 + 253. Calculate the highest common divisor of 333 and s.
37
Suppose -5*m + 390 = -160. What is the highest common factor of m and 30?
10
Suppose 0 = 3*f - 5*f + 12. Suppose f*j = -27 + 75. Calculate the greatest common factor of j and 12.
4
Suppose -19*k + 23*k - 8 = 0. Let v be 11/4*(k + 62)/4. Calculate the greatest common divisor of v and 22.
22
Let m(v) = 4*v**2 + 31*v + 180. Let x be m(-15). Calculate the highest common factor of 60 and x.
15
Let h = -133 - -174. What is the greatest common factor of h and 1?
1
Suppose 0 = -4*t + 2*g + 8, 2*t - 4*g = -1 - 7. Let p = 56 - 55. What is the greatest common factor of p and t?
1
Suppose 0 = 4*v - 2*g - 2310, 2*v + 4*g - 1140 = 8*g. Calculate the greatest common factor of 40 and v.
20
Suppose -s - 52 = -n, s = -s - 10. Suppose -5*i + 105 = 4*t, -2*i - 4*t + 13 + 17 = 0. Let r = n - i. Calculate the highest common factor of 154 and r.
22
Let r = -25 + 35. Suppose -p + o = -8, -3*o + 2 = 4*p - 23. Let m(i) = i**3 - 8*i**2 + 9*i - 10. Let y be m(p). What is the highest common factor of y and r?
2
Let z = -522 - -204. Let o be z*(32/12 + -3). Let m = o - 21. Calculate the greatest common factor of m and 34.
17
Let w be (-1 + 5)*1/(-4). Let x be 0/(4 + w)*1. Suppose -3*h + 0*j + 2*j + 14 = 0, -3*h + 4*j + 10 = x. Calculate the greatest common factor of h and 9.
3
Let z be (1456/98)/((-2)/(-21)). What is the greatest common divisor of 24 and z?
12
Let d(h) = 543*h**2 + 7*h - 6. Let v be d(1). Calculate the highest common factor of 224 and v.
32
Suppose 24*s - 546 = 510. What is the highest common divisor of s and 132?
44
Suppose 0 = 4*o - 72 - 20. Calculate the greatest common divisor of 207 and o.
23
Let u(d) = -d. Let c be u(4). Let f(m) = m**3 + 4*m**2 - 2*m + 5. Let o be f(c). Calculate the highest common divisor of 208 and o.
13
Suppose 2*w + c = 17, 9 = 5*w - 4*c - 1. What is the highest common factor of w and 186?
6
Suppose -3*q + 414 = -0*q. Let b = -72 + q. Suppose b = 4*a - a. What is the greatest common factor of a and 2?
2
Let g = -6 + 33. Let r be (-6)/(-15) - (-174)/(-10). Let y = 20 + r. Calculate the greatest common factor of y and g.
3
Suppose -8 = 2*j + 2*j + 4*r, 4 = r. Let q be 5/(5/3) + j. Let i(x) = 9*x**2 + 4*x. Let d be i(q). Calculate the greatest common factor of 23 and d.
23
Let m be ((-12)/10)/(1/5). Let f be (-3290)/(-15) + 0 - 4/m. Calculate the highest common divisor of f and 20.
20
Let k be -3 + 0 - 128 - -1. Let i be (k/(-5))/(2/12). Suppose 3*b = -3*m + i, -b - 2*m + 3*m = -50. Calculate the highest common factor of b and 17.
17
Let l = -299 - -559. Suppose 0*c + 5*n + l = 2*c, -650 = -5*c + 2*n. What is the greatest common factor of c and 26?
26
Suppose -3*r + 3*p = -57, r + 10*p = 15*p + 15. Calculate the highest common divisor of 10 and r.
10
Suppose -2*a + 4*z + 6 = -32, 87 = 5*a - 2*z. Calculate the highest common factor of 323 and a.
17
Suppose 37*u + 3264 = 45*u. What is the greatest common factor of u and 24?
24
Suppose -2*o - a + 294 = 0, o - 107 = 3*a + 33. Calculate the greatest common divisor of o and 10.
2
Suppose 0 = 40*d - 36*d - 12. Calculate the highest common divisor of d and 75.
3
Let d(r) be the third derivative of -r**4/6 - 13*r**3/6 + 17*r**2. Let o be d(-5). Calculate the highest common factor of 21 and o.
7
Let w = -4 - -8. Let d be (-404)/(-6) - w/(-6). Let a = -95175 + 95192. Calculate the highest common factor of d and a.
17
Let s be 1020/44 - -3 - (-2)/(-11). What is the highest common factor of 533 and s?
13
Let j = 317 + -213. Calculate the greatest common divisor of 364 and j.
52
Suppose 5*h - 4*q = -12 + 104, 0 = 3*h + 5*q - 33. Suppose 3*g - 61 = -h. What is the highest common factor of 150 and g?
15
Let k be ((-2)/3)/(13/(-1404)). Let z = -57 - -81. Let f = 132 - z. Calculate the highest common divisor of f and k.
36
Let f be (1074/8)/(36/48) - 3. Suppose 2*o + 4*a = 4*o - f, -3*a + 148 = 2*o. Let l be 2/3 + (-28)/(-3). What is the highest common factor of o and l?
10
Let a be ((-324)/(-30))/((-3)/(-45)). What is the greatest common factor of a and 36?
18
Suppose 0*x = 2*x - 3*z + 138, 5*x + 5*z = -370. Let d be 35/2*x/(-90). What is the greatest common divisor of 28 and d?
14
Let u = 289 - 163. Suppose 5*c + 2*d = -d + 55, 2*c - 3*d = 43. Calculate the highest common factor of c and u.
14
Let a be 29/(-1 - -4 - (-190)/(-65)). What is the highest common factor of 13 and a?
13
Let w = -2 + 6. Suppose -t = 4*b - 1 - w, t - 4*b + 35 = 0. Let d(m) = m**2 + 13*m - 18. Let x be d(t). Calculate the greatest common divisor of 30 and x.
6
Let u(f) = -f - 8. Let w be u(-8). Suppose w = -k - 0*k + 10. Let d = 4 + k. What is the highest common divisor of 112 and d?
14
Let d be (-2 - -528) + (4 - 2). Suppose 5*u - u - d = 0. Let i be ((-1)/1)/((-1)/u). What is the highest common divisor of i and 12?
12
Let a(q) = 4*q**2 - 30*q - 1. Let v be a(8). What is the highest common factor of 240 and v?
15
Suppose -161 = 2*q - 9*q. What is the greatest common divisor of 276 and q?
23
Let o(v) = -10*v + 4. Let n be o(5). Let z = 170 - n. Calculate the greatest common divisor of 27 and z.
27
Suppose -5 = -g + 30. Let d(k) = k**3 + 9*k**2 + 4*k - 14. Let n be d(-6). Calculate the greatest common factor of g and n.
35
Suppose -3*d = -2*a - 11, 2*a = -5 - 3. Let v be (0 - 1) + d + 119. Let u be (4/(-9 - -1))/((-6)/204). Calculate the highest common divisor of u and v.
17
Let z be (8/14)/(16/(-56)). Let u = 5 + z. What is the greatest common divisor of 24 and u?
3
Suppose -72432 = -6*n + 2*n. Let w be n/45 - 4/10. Suppose w = 8*y + 114. Calculate the greatest common factor of 288 and y.
36
Suppose -9*l = -2*l - 301. Suppose -200 = -3*t + l. Calculate the greatest common factor of 9 and t.
9
Let a = -68 + 111. Suppose 3*i = 7*i + 20, -3*i = -2*j + a. Let c = j - -2. Calculate the greatest common divisor of 80 and c.
16
Suppose 36 = 4*h + 2*o - 10, 0 = -h - 5*o + 7. What is the highest common factor of 12 and h?
12
Let t(h) be the second derivative o